{"id":13,"date":"2015-11-13T11:06:01","date_gmt":"2015-11-13T10:06:01","guid":{"rendered":"http:\/\/herve-loevenbruck.com\/?page_id=13"},"modified":"2021-03-01T12:35:51","modified_gmt":"2021-03-01T11:35:51","slug":"contact","status":"publish","type":"page","link":"https:\/\/herve-loevenbruck.com\/?page_id=13","title":{"rendered":"CONTACT"},"content":{"rendered":"<p style=\"text-align: justify;\"><span style=\"color: #000000;\">Pour me contacter, vous pouvez me joindre\u00a0par t\u00e9l\u00e9phone au <strong>06 77 08 64 64<\/strong><\/span><\/p>\n<p style=\"text-align: justify;\"><span style=\"color: #000000;\">ou par mail \u00e0 :\u00a0<strong>herve@herve-loevenbruck.com<\/strong><\/span><\/p>\n<hr \/>\n<div role=\"form\" class=\"wpcf7\" id=\"wpcf7-f7-o1\" lang=\"fr-FR\" dir=\"ltr\">\n<div class=\"screen-reader-response\"><p role=\"status\" aria-live=\"polite\" aria-atomic=\"true\"><\/p> <ul><\/ul><\/div>\n<form action=\"\/index.php?rest_route=%2Fwp%2Fv2%2Fpages%2F13#wpcf7-f7-o1\" method=\"post\" class=\"wpcf7-form init\" novalidate=\"novalidate\" data-status=\"init\">\n<div style=\"display: none;\">\n<input type=\"hidden\" name=\"_wpcf7\" value=\"7\" \/>\n<input type=\"hidden\" name=\"_wpcf7_version\" value=\"5.4.2\" \/>\n<input type=\"hidden\" name=\"_wpcf7_locale\" value=\"fr_FR\" \/>\n<input type=\"hidden\" name=\"_wpcf7_unit_tag\" value=\"wpcf7-f7-o1\" \/>\n<input type=\"hidden\" name=\"_wpcf7_container_post\" value=\"0\" \/>\n<input type=\"hidden\" name=\"_wpcf7_posted_data_hash\" value=\"\" \/>\n<\/div>\n<p>Votre nom (obligatoire)<br \/>\n    <span class=\"wpcf7-form-control-wrap your-name\"><input type=\"text\" name=\"your-name\" value=\"\" size=\"40\" class=\"wpcf7-form-control wpcf7-text wpcf7-validates-as-required\" aria-required=\"true\" aria-invalid=\"false\" \/><\/span> <\/p>\n<p>Votre email (obligatoire)<br \/>\n    <span class=\"wpcf7-form-control-wrap your-email\"><input type=\"email\" name=\"your-email\" value=\"\" size=\"40\" class=\"wpcf7-form-control wpcf7-text wpcf7-email wpcf7-validates-as-required wpcf7-validates-as-email\" aria-required=\"true\" aria-invalid=\"false\" \/><\/span> <\/p>\n<p>Sujet<br \/>\n    <span class=\"wpcf7-form-control-wrap your-subject\"><input type=\"text\" name=\"your-subject\" value=\"\" size=\"40\" class=\"wpcf7-form-control wpcf7-text\" aria-invalid=\"false\" \/><\/span> <\/p>\n<p>Votre message<br \/>\n    <span class=\"wpcf7-form-control-wrap your-message\"><textarea name=\"your-message\" cols=\"40\" rows=\"10\" class=\"wpcf7-form-control wpcf7-textarea\" aria-invalid=\"false\"><\/textarea><\/span> <\/p>\n<p><input type=\"submit\" value=\"Envoyer\" class=\"wpcf7-form-control wpcf7-submit\" \/><\/p>\n<p style=\"display: none !important;\"><label>&#916;<textarea name=\"_wpcf7_ak_hp_textarea\" cols=\"45\" rows=\"8\" maxlength=\"100\"><\/textarea><\/label><input type=\"hidden\" id=\"ak_js_1\" name=\"_wpcf7_ak_js\" value=\"39\"\/><script>document.getElementById( \"ak_js_1\" ).setAttribute( \"value\", ( new Date() ).getTime() );<\/script><\/p><div class=\"wpcf7-response-output\" aria-hidden=\"true\"><\/div><\/form><\/div>\n","protected":false},"excerpt":{"rendered":"<p>Pour me contacter, vous pouvez me joindre\u00a0par t\u00e9l\u00e9phone au 06 77 08 64 64 ou par mail \u00e0 :\u00a0herve@herve-loevenbruck.com<\/p>\n","protected":false},"author":1,"featured_media":0,"parent":0,"menu_order":3,"comment_status":"closed","ping_status":"closed","template":"","meta":{"_mi_skip_tracking":false},"yoast_head":"<!-- This site is optimized with the Yoast SEO plugin v17.5 - https:\/\/yoast.com\/wordpress\/plugins\/seo\/ -->\n<title>CONTACT | DIGITAL Marketing &amp; e-R\u00e9putation \/ FORMATION \/ Community Management \/ RGPD \/ Montpellier Grand Sud \/ 06 77 08 64 64<\/title>\n<meta name=\"robots\" content=\"index, follow, max-snippet:-1, max-image-preview:large, max-video-preview:-1\" \/>\n<link rel=\"canonical\" href=\"https:\/\/herve-loevenbruck.com\/?page_id=13\" \/>\n<meta property=\"og:locale\" content=\"fr_FR\" \/>\n<meta property=\"og:type\" content=\"article\" \/>\n<meta property=\"og:title\" content=\"CONTACT | DIGITAL Marketing &amp; e-R\u00e9putation \/ FORMATION \/ Community Management \/ RGPD \/ Montpellier Grand Sud \/ 06 77 08 64 64\" \/>\n<meta property=\"og:description\" content=\"Pour me contacter, vous pouvez me joindre\u00a0par t\u00e9l\u00e9phone au 06 77 08 64 64 ou par mail \u00e0 :\u00a0herve@herve-loevenbruck.com\" \/>\n<meta property=\"og:url\" content=\"https:\/\/herve-loevenbruck.com\/?page_id=13\" \/>\n<meta property=\"og:site_name\" content=\"DIGITAL Marketing &amp; e-R\u00e9putation \/ FORMATION \/ Community Management \/ RGPD \/ Montpellier Grand Sud \/ 06 77 08 64 64\" \/>\n<meta property=\"article:publisher\" content=\"https:\/\/www.facebook.com\/herve.loevenbruck\" \/>\n<meta property=\"article:modified_time\" content=\"2021-03-01T11:35:51+00:00\" \/>\n<meta property=\"og:image\" content=\"https:\/\/herve-loevenbruck.com\/wp-content\/uploads\/2016\/05\/cropped-ereputation2.jpg\" \/>\n\t<meta property=\"og:image:width\" content=\"341\" \/>\n\t<meta property=\"og:image:height\" content=\"148\" \/>\n<meta name=\"twitter:card\" content=\"summary_large_image\" \/>\n<meta name=\"twitter:site\" content=\"@Rv_Loevenbruck\" \/>\n<script type=\"application\/ld+json\" class=\"yoast-schema-graph\">{\"@context\":\"https:\/\/schema.org\",\"@graph\":[{\"@type\":\"WebSite\",\"@id\":\"https:\/\/herve-loevenbruck.com\/#website\",\"url\":\"https:\/\/herve-loevenbruck.com\/\",\"name\":\"DIGITAL Marketing &amp; e-R\\u00e9putation \/ FORMATION \/ Community Management \/ RGPD \/ Montpellier Grand Sud \/ 06 77 08 64 64\",\"description\":\"Le cyberfolio d&#039;Herv\\u00e9 Loevenbruck\",\"potentialAction\":[{\"@type\":\"SearchAction\",\"target\":{\"@type\":\"EntryPoint\",\"urlTemplate\":\"https:\/\/herve-loevenbruck.com\/?s={search_term_string}\"},\"query-input\":\"required name=search_term_string\"}],\"inLanguage\":\"fr-FR\"},{\"@type\":\"WebPage\",\"@id\":\"https:\/\/herve-loevenbruck.com\/?page_id=13#webpage\",\"url\":\"https:\/\/herve-loevenbruck.com\/?page_id=13\",\"name\":\"CONTACT | DIGITAL Marketing &amp; e-R\\u00e9putation \/ FORMATION \/ Community Management \/ RGPD \/ Montpellier Grand Sud \/ 06 77 08 64 64\",\"isPartOf\":{\"@id\":\"https:\/\/herve-loevenbruck.com\/#website\"},\"datePublished\":\"2015-11-13T10:06:01+00:00\",\"dateModified\":\"2021-03-01T11:35:51+00:00\",\"breadcrumb\":{\"@id\":\"https:\/\/herve-loevenbruck.com\/?page_id=13#breadcrumb\"},\"inLanguage\":\"fr-FR\",\"potentialAction\":[{\"@type\":\"ReadAction\",\"target\":[\"https:\/\/herve-loevenbruck.com\/?page_id=13\"]}]},{\"@type\":\"BreadcrumbList\",\"@id\":\"https:\/\/herve-loevenbruck.com\/?page_id=13#breadcrumb\",\"itemListElement\":[{\"@type\":\"ListItem\",\"position\":1,\"name\":\"Accueil\",\"item\":\"https:\/\/herve-loevenbruck.com\/\"},{\"@type\":\"ListItem\",\"position\":2,\"name\":\"CONTACT\"}]}]}<\/script>\n<!-- \/ Yoast SEO plugin. -->","yoast_head_json":{"title":"CONTACT | DIGITAL Marketing &amp; e-R\u00e9putation \/ FORMATION \/ Community Management \/ RGPD \/ Montpellier Grand Sud \/ 06 77 08 64 64","robots":{"index":"index","follow":"follow","max-snippet":"max-snippet:-1","max-image-preview":"max-image-preview:large","max-video-preview":"max-video-preview:-1"},"canonical":"https:\/\/herve-loevenbruck.com\/?page_id=13","og_locale":"fr_FR","og_type":"article","og_title":"CONTACT | DIGITAL Marketing &amp; e-R\u00e9putation \/ FORMATION \/ Community Management \/ RGPD \/ Montpellier Grand Sud \/ 06 77 08 64 64","og_description":"Pour me contacter, vous pouvez me joindre\u00a0par t\u00e9l\u00e9phone au 06 77 08 64 64 ou par mail \u00e0 :\u00a0herve@herve-loevenbruck.com","og_url":"https:\/\/herve-loevenbruck.com\/?page_id=13","og_site_name":"DIGITAL Marketing &amp; e-R\u00e9putation \/ FORMATION \/ Community Management \/ RGPD \/ Montpellier Grand Sud \/ 06 77 08 64 64","article_publisher":"https:\/\/www.facebook.com\/herve.loevenbruck","article_modified_time":"2021-03-01T11:35:51+00:00","og_image":[{"width":341,"height":148,"url":"https:\/\/herve-loevenbruck.com\/wp-content\/uploads\/2016\/05\/cropped-ereputation2.jpg","type":"image\/jpeg"}],"twitter_card":"summary_large_image","twitter_site":"@Rv_Loevenbruck","schema":{"@context":"https:\/\/schema.org","@graph":[{"@type":"WebSite","@id":"https:\/\/herve-loevenbruck.com\/#website","url":"https:\/\/herve-loevenbruck.com\/","name":"DIGITAL Marketing &amp; e-R\u00e9putation \/ FORMATION \/ Community Management \/ RGPD \/ Montpellier Grand Sud \/ 06 77 08 64 64","description":"Le cyberfolio d&#039;Herv\u00e9 Loevenbruck","potentialAction":[{"@type":"SearchAction","target":{"@type":"EntryPoint","urlTemplate":"https:\/\/herve-loevenbruck.com\/?s={search_term_string}"},"query-input":"required name=search_term_string"}],"inLanguage":"fr-FR"},{"@type":"WebPage","@id":"https:\/\/herve-loevenbruck.com\/?page_id=13#webpage","url":"https:\/\/herve-loevenbruck.com\/?page_id=13","name":"CONTACT | DIGITAL Marketing &amp; e-R\u00e9putation \/ FORMATION \/ Community Management \/ RGPD \/ Montpellier Grand Sud \/ 06 77 08 64 64","isPartOf":{"@id":"https:\/\/herve-loevenbruck.com\/#website"},"datePublished":"2015-11-13T10:06:01+00:00","dateModified":"2021-03-01T11:35:51+00:00","breadcrumb":{"@id":"https:\/\/herve-loevenbruck.com\/?page_id=13#breadcrumb"},"inLanguage":"fr-FR","potentialAction":[{"@type":"ReadAction","target":["https:\/\/herve-loevenbruck.com\/?page_id=13"]}]},{"@type":"BreadcrumbList","@id":"https:\/\/herve-loevenbruck.com\/?page_id=13#breadcrumb","itemListElement":[{"@type":"ListItem","position":1,"name":"Accueil","item":"https:\/\/herve-loevenbruck.com\/"},{"@type":"ListItem","position":2,"name":"CONTACT"}]}]}},"_links":{"self":[{"href":"https:\/\/herve-loevenbruck.com\/index.php?rest_route=\/wp\/v2\/pages\/13"}],"collection":[{"href":"https:\/\/herve-loevenbruck.com\/index.php?rest_route=\/wp\/v2\/pages"}],"about":[{"href":"https:\/\/herve-loevenbruck.com\/index.php?rest_route=\/wp\/v2\/types\/page"}],"author":[{"embeddable":true,"href":"https:\/\/herve-loevenbruck.com\/index.php?rest_route=\/wp\/v2\/users\/1"}],"replies":[{"embeddable":true,"href":"https:\/\/herve-loevenbruck.com\/index.php?rest_route=%2Fwp%2Fv2%2Fcomments&post=13"}],"version-history":[{"count":12,"href":"https:\/\/herve-loevenbruck.com\/index.php?rest_route=\/wp\/v2\/pages\/13\/revisions"}],"predecessor-version":[{"id":203,"href":"https:\/\/herve-loevenbruck.com\/index.php?rest_route=\/wp\/v2\/pages\/13\/revisions\/203"}],"wp:attachment":[{"href":"https:\/\/herve-loevenbruck.com\/index.php?rest_route=%2Fwp%2Fv2%2Fmedia&parent=13"}],"curies":[{"name":"wp","href":"https:\/\/api.w.org\/{rel}","templated":true}]}}